{"id":1054,"date":"2025-10-23T14:45:23","date_gmt":"2025-10-23T12:45:23","guid":{"rendered":"https:\/\/www.leparcdelagreve.com\/news-and-offers\/short-stay\/"},"modified":"2026-01-25T17:44:02","modified_gmt":"2026-01-25T16:44:02","slug":"short-stay","status":"publish","type":"page","link":"https:\/\/www.leparcdelagreve.com\/en\/news-and-offers\/short-stay\/","title":{"rendered":"Short stay"},"content":{"rendered":"<div class=\"buttons\"><a href=\"https:\/\/www.leparcdelagreve.com\/en\/news-and-offers\/\" rel=\"noreferrer noopener\" rel=\"noreferrer noopener\" class=\"buttons__btn btn-retour\">Back<\/a><\/div><div class=\"group\"><h1>Short stay in Vend\u00e9e: freedom and flexibility at Le Parc de la Gr\u00e8ve Campsite.<\/h1><p    >Looking for a short break in Vend\u00e9e with flexible dates and no minimum stay? At <strong>Ushua\u00efa Villages Le Parc de la Gr\u00e8ve<\/strong>, <strong>all our accommodations are available for short stays, even during the summer season<\/strong>. The perfect destination for a flexible camping short break on the French Atlantic coast.<\/p><h2>Book your accommodation from 2 or 3 nights.<\/h2><p    >Stay in a <strong>mobile home or chalet<\/strong> with a <strong>minimum of just 3 nights in July and August<\/strong>, and f<strong>rom only 2 nights in spring or autumn<\/strong>. Arrive on the day that suits you, avoid Saturday traffic jams, and start enjoying your holiday the moment you arrive.<\/p><p    >\ud83d\udc49 Enjoy the <strong>weekend package<\/strong> with beds made on arrival and a light cleaning fee of \u20ac30.<br\/>For a short stay, the <strong>hotel-style package <\/strong>has it all: a one-night stay in a 4-person mobile home, including made beds, breakfast, towels, and cleaning.<\/p><h2>One night or more in our &#8220;trapper tents&#8221; or eco-lodge<\/h2><p    >from <strong>15 mai to 15 september<\/strong>, all our <strong>lodge tents<\/strong> welcomes you from one night stay. Just super for a nature break with friends or family<\/p><h2>Services are made for short stay.<\/h2><p    >Travel light! Bed linen rental, simplified housekeeping services, and a <strong>snack bar <\/strong>open from the weekends in May for dining on-site or takeaway.<\/p><p    >If you\u2019d like to explore the region, set off directly from the campsite by bike or on foot: <strong>signposted trails<\/strong>, <strong>beaches<\/strong>, <strong>marshlands <\/strong>and <strong>charming villages <\/strong>await. We\u2019ll share our favorite spots for a 100% Vend\u00e9e short break.<\/p><\/div>","protected":false},"excerpt":{"rendered":"<p>Short stay in Vend\u00e9e: freedom and flexibility at Le Parc de la Gr\u00e8ve Campsite. Looking for a short break in Vend\u00e9e with flexible dates and no minimum stay? At Ushua\u00efa Villages Le Parc de la Gr\u00e8ve, all our accommodations are available for short stays, even during the summer season. The perfect destination for a flexible [&hellip;]<\/p>\n","protected":false},"author":1,"featured_media":0,"parent":1050,"menu_order":0,"comment_status":"closed","ping_status":"closed","template":"","meta":{"_acf_changed":false,"footnotes":""},"acf":[],"_links":{"self":[{"href":"https:\/\/www.leparcdelagreve.com\/en\/wp-json\/wp\/v2\/pages\/1054"}],"collection":[{"href":"https:\/\/www.leparcdelagreve.com\/en\/wp-json\/wp\/v2\/pages"}],"about":[{"href":"https:\/\/www.leparcdelagreve.com\/en\/wp-json\/wp\/v2\/types\/page"}],"author":[{"embeddable":true,"href":"https:\/\/www.leparcdelagreve.com\/en\/wp-json\/wp\/v2\/users\/1"}],"replies":[{"embeddable":true,"href":"https:\/\/www.leparcdelagreve.com\/en\/wp-json\/wp\/v2\/comments?post=1054"}],"version-history":[{"count":3,"href":"https:\/\/www.leparcdelagreve.com\/en\/wp-json\/wp\/v2\/pages\/1054\/revisions"}],"predecessor-version":[{"id":1141,"href":"https:\/\/www.leparcdelagreve.com\/en\/wp-json\/wp\/v2\/pages\/1054\/revisions\/1141"}],"up":[{"embeddable":true,"href":"https:\/\/www.leparcdelagreve.com\/en\/wp-json\/wp\/v2\/pages\/1050"}],"wp:attachment":[{"href":"https:\/\/www.leparcdelagreve.com\/en\/wp-json\/wp\/v2\/media?parent=1054"}],"curies":[{"name":"wp","href":"https:\/\/api.w.org\/{rel}","templated":true}]}}

<div class="buttons"><a href="https://www.leparcdelagreve.com/en/news-and-offers/" rel="noreferrer noopener" rel="noreferrer noopener" class="buttons__btn btn-retour">Back</a></div><div class="group"><h1>Short stay in Vendée: freedom and flexibility at Le Parc de la Grève Campsite.</h1><p    >Looking for a short break in Vendée with flexible dates and no minimum stay? At <strong>Ushuaïa Villages Le Parc de la Grève</strong>, <strong>all our accommodations are available for short stays, even during the summer season</strong>. The perfect destination for a flexible camping short break on the French Atlantic coast.</p><h2>Book your accommodation from 2 or 3 nights.</h2><p    >Stay in a <strong>mobile home or chalet</strong> with a <strong>minimum of just 3 nights in July and August</strong>, and f<strong>rom only 2 nights in spring or autumn</strong>. Arrive on the day that suits you, avoid Saturday traffic jams, and start enjoying your holiday the moment you arrive.</p><p    >👉 Enjoy the <strong>weekend package</strong> with beds made on arrival and a light cleaning fee of €30.<br/>For a short stay, the <strong>hotel-style package </strong>has it all: a one-night stay in a 4-person mobile home, including made beds, breakfast, towels, and cleaning.</p><h2>One night or more in our &#8220;trapper tents&#8221; or eco-lodge</h2><p    >from <strong>15 mai to 15 september</strong>, all our <strong>lodge tents</strong> welcomes you from one night stay. Just super for a nature break with friends or family</p><h2>Services are made for short stay.</h2><p    >Travel light! Bed linen rental, simplified housekeeping services, and a <strong>snack bar </strong>open from the weekends in May for dining on-site or takeaway.</p><p    >If you’d like to explore the region, set off directly from the campsite by bike or on foot: <strong>signposted trails</strong>, <strong>beaches</strong>, <strong>marshlands </strong>and <strong>charming villages </strong>await. We’ll share our favorite spots for a 100% Vendée short break.</p></div>

<p>Short stay in Vendée: freedom and flexibility at Le Parc de la Grève Campsite. Looking for a short break in Vendée with flexible dates and no minimum stay? At Ushuaïa Villages Le Parc de la Grève, all our accommodations are available for short stays, even during the summer season. The perfect destination for a flexible [&hellip;]</p>
