{"id":1153,"date":"2025-10-23T14:45:24","date_gmt":"2025-10-23T12:45:24","guid":{"rendered":"https:\/\/www.leparcdelagreve.com\/duurzame-ontwikkeling\/"},"modified":"2026-01-29T15:52:30","modified_gmt":"2026-01-29T14:52:30","slug":"duurzame-ontwikkeling","status":"publish","type":"page","link":"https:\/\/www.leparcdelagreve.com\/nl\/duurzame-ontwikkeling\/","title":{"rendered":"Duurzame ontwikkeling"},"content":{"rendered":"<div class=\"diaporama-header align-full\"><div class=\"gallery\"><figure class=\"gallery__item\"><picture><source srcset=\"https:\/\/www.leparcdelagreve.com\/wp-content\/uploads\/2025\/11\/Le-Parc-de-la-Greve-ETANG-6-07.06.01-1-420x279.webp\" media=\"(max-width: 210px)\"><source srcset=\"https:\/\/www.leparcdelagreve.com\/wp-content\/uploads\/2025\/11\/Le-Parc-de-la-Greve-ETANG-6-07.06.01-1-850x565.webp\" media=\"(max-width: 420px)\"><source srcset=\"https:\/\/www.leparcdelagreve.com\/wp-content\/uploads\/2025\/11\/Le-Parc-de-la-Greve-ETANG-6-07.06.01-1-768x511.webp\" media=\"(max-width: 850px)\"><source srcset=\"https:\/\/www.leparcdelagreve.com\/wp-content\/uploads\/2025\/11\/Le-Parc-de-la-Greve-ETANG-6-07.06.01-1-1024x681.webp\" media=\"(max-width: 1024px)\"><source srcset=\"https:\/\/www.leparcdelagreve.com\/wp-content\/uploads\/2025\/11\/Le-Parc-de-la-Greve-ETANG-6-07.06.01-1.webp\" media=\"(min-width: 1025px)\"><img loading=\"lazy\" decoding=\"async\" src=\"https:\/\/www.leparcdelagreve.com\/wp-content\/uploads\/2025\/11\/Le-Parc-de-la-Greve-ETANG-6-07.06.01-1-420x279.webp\" width=\"420\" height=\"210\" alt=\"\" title=\"\"><\/picture><\/figure><\/div><div class=\"diaporama-header__inner\"><h1 class=\"right\">Afvalscheiding en duurzame ontwikkeling bij <span class=\"fc-span\">Camping Le Parc de la Gr\u00e8ve<\/span><\/h1><div class=\"group hide-mob\"><p class=\"center\" style=\"text-align: center;\"  >Wacht niet langer!<\/p><div class=\"buttons display-flex \" style=\"justify-content:center;\"><span class=\"buttons__btn btn-resa is-style-1\">Nu reserveren <span class=\"fc-icon\"><svg xmlns=\"http:\/\/www.w3.org\/2000\/svg\"  viewBox=\"0 0 448 512\" width=\"16px\" height=\"16px\"><!--! Font Awesome Pro 6.4.2 by @fontawesome - https:\/\/fontawesome.com License - https:\/\/fontawesome.com\/license (Commercial License) Copyright 2023 Fonticons, Inc.--><path d=\"M438.6 278.6c12.5-12.5 12.5-32.8 0-45.3l-160-160c-12.5-12.5-32.8-12.5-45.3 0s-12.5 32.8 0 45.3L338.8 224 32 224c-17.7 0-32 14.3-32 32s14.3 32 32 32l306.7 0L233.4 393.4c-12.5 12.5-12.5 32.8 0 45.3s32.8 12.5 45.3 0l160-160z\"\/><\/svg><\/span><\/span><\/div><figure class=\"bg\"><picture><source srcset=\"https:\/\/www.leparcdelagreve.com\/wp-content\/uploads\/2025\/10\/form-group-420x96.webp\" media=\"(max-width: 210px)\"><source srcset=\"https:\/\/www.leparcdelagreve.com\/wp-content\/uploads\/2025\/10\/form-group-850x194.webp\" media=\"(max-width: 420px)\"><source srcset=\"https:\/\/www.leparcdelagreve.com\/wp-content\/uploads\/2025\/10\/form-group-768x176.webp\" media=\"(max-width: 850px)\"><source srcset=\"https:\/\/www.leparcdelagreve.com\/wp-content\/uploads\/2025\/10\/form-group-1024x234.webp\" media=\"(max-width: 1024px)\"><source srcset=\"https:\/\/www.leparcdelagreve.com\/wp-content\/uploads\/2025\/10\/form-group.webp\" media=\"(min-width: 1025px)\"><img decoding=\"async\" src=\"https:\/\/www.leparcdelagreve.com\/wp-content\/uploads\/2025\/10\/form-group-420x96.webp\" width=\"420\" height=\"210\" loading=\"lazy\" alt=\"\" title=\"\"><\/picture><\/figure><\/div><figure class=\"form\"><picture><source srcset=\"https:\/\/www.leparcdelagreve.com\/wp-content\/uploads\/2025\/10\/form-diapo-header-420x28.webp\" media=\"(max-width: 210px)\"><source srcset=\"https:\/\/www.leparcdelagreve.com\/wp-content\/uploads\/2025\/10\/form-diapo-header-850x57.webp\" media=\"(max-width: 420px)\"><source srcset=\"https:\/\/www.leparcdelagreve.com\/wp-content\/uploads\/2025\/10\/form-diapo-header-768x51.webp\" media=\"(max-width: 850px)\"><source srcset=\"https:\/\/www.leparcdelagreve.com\/wp-content\/uploads\/2025\/10\/form-diapo-header-1024x68.webp\" media=\"(max-width: 1024px)\"><source srcset=\"https:\/\/www.leparcdelagreve.com\/wp-content\/uploads\/2025\/10\/form-diapo-header.webp\" media=\"(min-width: 1025px)\"><img loading=\"lazy\" decoding=\"async\" src=\"https:\/\/www.leparcdelagreve.com\/wp-content\/uploads\/2025\/10\/form-diapo-header-420x28.webp\" width=\"420\" height=\"210\" alt=\"\" title=\"\"><\/picture><\/figure><\/div><\/div><p    >Bij <strong>Camping Ushua\u00efa Villages \u2013 Le Parc de la Gr\u00e8ve<\/strong>, nabij Saint-Gilles-Croix-de-Vie, is <strong>duurzame ontwikkeling<\/strong> geen loos woord: het is dagelijkse praktijk.<br\/>Als een door het <strong>Clef Verte-label<\/strong> erkende camping zetten wij ons in voor de natuur en willen wij u betrekken bij onze acties tijdens uw verblijf bij ons. <\/p><p    >Hier is een overzicht van ons milieubeleid en onze concrete initiatieven.<\/p><h2>Afvalscheiding: eenvoudig en effici\u00ebnt<\/h2><p    >Sinds 2017 beschikt de Vend\u00e9e over een <strong>ultramodern sorteercentrum<\/strong>, dat 99,9% van onze verpakkingen kan verwerken.<br\/>Uw actieve deelname helpt de hoeveelheid afval op stortplaatsen significant te verminderen. <\/p><p    ><strong>Hoe werkt het op de camping?<\/strong><\/p><ul><li>Bij uw aankomst krijgt u een \u201c<strong>Tribag<\/strong>\u201d, een handige tas voor afvalscheiding.\n<\/li><li>Een mini-sorteercentrum bevindt zich bij de ingang van de parking:\n<ul><li><strong>Groene container<\/strong>: glazen verpakkingen\n<\/li><li><strong>Gele container:<\/strong> alle verpakkingen (plastic, yoghurtbekers, bakjes, kleine kartonnen doosjes)\n<\/li><li><strong>Bruine container:<\/strong> voedselafval, rauw of gekookt, inclusief schelpdieren!\n<\/li><li><strong>Houten rek<\/strong>: kartonnen dozen die te groot zijn voor de gele container (pizzadozen, enz.)\n<\/li><li><strong>Zwarte containers<\/strong>: te storten afval (voedselresten, niet-recycleerbare voorwerpen)\n<\/li><\/ul><\/li><\/ul><p    >U kunt ook <strong>batterijen, lampen en eetbare<\/strong> oli\u00ebn bij de receptie inleveren.<\/p><p    ><strong>Ons doel<\/strong>: beter sorteren om een gezondere planeet voor onze kinderen achter te laten.<br\/>Ons personeel staat klaar om u te adviseren. <\/p><h2>Milieuvriendelijk onderhoud en ecologische schoonmaak<\/h2><p    >Beheer van het park<\/p><ul><li>Wij gebruiken <strong>geen chemische gewasbeschermingsmiddelen.<\/strong>\n<\/li><li>Onkruid wordt mechanisch of thermisch bestreden.\n<\/li><li>Het maaien en snoeien van de beplanting gebeurt <strong>voornamelijk met elektrische apparaten<\/strong>, waardoor geluidsoverlast en vervuiling worden beperkt.\n<\/li><li>D\u00e9chets verts broy\u00e9s et utilis\u00e9s comme paillage pour limiter l\u2019arrosage et enrichir le sol.\n<\/li><\/ul><p    >Sanitaire voorzieningen en gemeenschappelijke ruimtes<\/p><ul><li>Gebruik van <strong>\u00c9cocert<\/strong>-gecertificeerde producten voor een verminderde impact op de gezondheid.\n<\/li><li><br\/>Voorbeeld: groene klei voor het reinigen van de afwasbakken.\n<\/li><\/ul><h2>Beheer van water en energie<\/h2><ul><li><strong>Water<\/strong>: kies voor een verantwoord gebruik op uw staanplaats.<br\/>Beperkte bewatering en mulchen van planten om water te besparen. \n<\/li><li><strong>Zwembad<\/strong>: verwarmd met een warmtepomp, waardoor het energieverbruik wordt verminderd.\n<\/li><li><strong>Elektriciteit<\/strong>: LED-lampen en lichtsensoren om energieverlies te minimaliseren.\n<\/li><li>Boiler: ge\u00efsoleerd om warmteverlies te beperken.\n<\/li><\/ul><h2>Duurzaam vervoer<\/h2><p    >Onze interne verplaatsingen gebeuren voor <strong>99% te voet,<\/strong> of met een <strong>elektrische hoverboard <\/strong>voor ons team.<br\/>We moedigen gasten ook aan de fiets te gebruiken om naar het strand of het meer te gaan. <\/p><h2>Voor morgen<\/h2><p    >We denken voortdurend na over nieuwe acties om onze ecologische voetafdruk te verkleinen:<\/p><ul><li>Optimalisatie van de productie van warm water en elektriciteit\n<\/li><li>Vermindering van composteerbaar afval\n<\/li><li>Vermindering van de ecologische voetafdruk van auto\u2019s op de camping\n<\/li><\/ul><p    >Elk gebaar telt om onze planeet te beschermen en een gezonde omgeving voor toekomstige generaties te garanderen.<\/p>","protected":false},"excerpt":{"rendered":"<p>Afvalscheiding en duurzame ontwikkeling bij Camping Le Parc de la Gr\u00e8ve Wacht niet langer! Bij Camping Ushua\u00efa Villages \u2013 Le Parc de la Gr\u00e8ve, nabij Saint-Gilles-Croix-de-Vie, is duurzame ontwikkeling geen loos woord: het is dagelijkse praktijk.Als een door het Clef Verte-label erkende camping zetten wij ons in voor de natuur en willen wij u betrekken [&hellip;]<\/p>\n","protected":false},"author":1,"featured_media":0,"parent":0,"menu_order":0,"comment_status":"open","ping_status":"open","template":"","meta":{"_acf_changed":false,"footnotes":""},"acf":[],"_links":{"self":[{"href":"https:\/\/www.leparcdelagreve.com\/nl\/wp-json\/wp\/v2\/pages\/1153"}],"collection":[{"href":"https:\/\/www.leparcdelagreve.com\/nl\/wp-json\/wp\/v2\/pages"}],"about":[{"href":"https:\/\/www.leparcdelagreve.com\/nl\/wp-json\/wp\/v2\/types\/page"}],"author":[{"embeddable":true,"href":"https:\/\/www.leparcdelagreve.com\/nl\/wp-json\/wp\/v2\/users\/1"}],"replies":[{"embeddable":true,"href":"https:\/\/www.leparcdelagreve.com\/nl\/wp-json\/wp\/v2\/comments?post=1153"}],"version-history":[{"count":1,"href":"https:\/\/www.leparcdelagreve.com\/nl\/wp-json\/wp\/v2\/pages\/1153\/revisions"}],"predecessor-version":[{"id":1154,"href":"https:\/\/www.leparcdelagreve.com\/nl\/wp-json\/wp\/v2\/pages\/1153\/revisions\/1154"}],"wp:attachment":[{"href":"https:\/\/www.leparcdelagreve.com\/nl\/wp-json\/wp\/v2\/media?parent=1153"}],"curies":[{"name":"wp","href":"https:\/\/api.w.org\/{rel}","templated":true}]}}

<div class="diaporama-header align-full"><div class="gallery"><figure class="gallery__item"><picture><source srcset="https://www.leparcdelagreve.com/wp-content/uploads/2025/11/Le-Parc-de-la-Greve-ETANG-6-07.06.01-1-420x279.webp" media="(max-width: 210px)"><source srcset="https://www.leparcdelagreve.com/wp-content/uploads/2025/11/Le-Parc-de-la-Greve-ETANG-6-07.06.01-1-850x565.webp" media="(max-width: 420px)"><source srcset="https://www.leparcdelagreve.com/wp-content/uploads/2025/11/Le-Parc-de-la-Greve-ETANG-6-07.06.01-1-768x511.webp" media="(max-width: 850px)"><source srcset="https://www.leparcdelagreve.com/wp-content/uploads/2025/11/Le-Parc-de-la-Greve-ETANG-6-07.06.01-1-1024x681.webp" media="(max-width: 1024px)"><source srcset="https://www.leparcdelagreve.com/wp-content/uploads/2025/11/Le-Parc-de-la-Greve-ETANG-6-07.06.01-1.webp" media="(min-width: 1025px)"><img loading="lazy" decoding="async" src="https://www.leparcdelagreve.com/wp-content/uploads/2025/11/Le-Parc-de-la-Greve-ETANG-6-07.06.01-1-420x279.webp" width="420" height="210" alt="" title=""></picture></figure></div><div class="diaporama-header__inner"><h1 class="right">Afvalscheiding en duurzame ontwikkeling bij <span class="fc-span">Camping Le Parc de la Grève</span></h1><div class="group hide-mob"><p class="center" style="text-align: center;"  >Wacht niet langer!</p><div class="buttons display-flex " style="justify-content:center;"><span class="buttons__btn btn-resa is-style-1">Nu reserveren <span class="fc-icon"><svg xmlns="http://www.w3.org/2000/svg"  viewBox="0 0 448 512" width="16px" height="16px"><!--! Font Awesome Pro 6.4.2 by @fontawesome - https://fontawesome.com License - https://fontawesome.com/license (Commercial License) Copyright 2023 Fonticons, Inc.--><path d="M438.6 278.6c12.5-12.5 12.5-32.8 0-45.3l-160-160c-12.5-12.5-32.8-12.5-45.3 0s-12.5 32.8 0 45.3L338.8 224 32 224c-17.7 0-32 14.3-32 32s14.3 32 32 32l306.7 0L233.4 393.4c-12.5 12.5-12.5 32.8 0 45.3s32.8 12.5 45.3 0l160-160z"/></svg></span></span></div><figure class="bg"><picture><source srcset="https://www.leparcdelagreve.com/wp-content/uploads/2025/10/form-group-420x96.webp" media="(max-width: 210px)"><source srcset="https://www.leparcdelagreve.com/wp-content/uploads/2025/10/form-group-850x194.webp" media="(max-width: 420px)"><source srcset="https://www.leparcdelagreve.com/wp-content/uploads/2025/10/form-group-768x176.webp" media="(max-width: 850px)"><source srcset="https://www.leparcdelagreve.com/wp-content/uploads/2025/10/form-group-1024x234.webp" media="(max-width: 1024px)"><source srcset="https://www.leparcdelagreve.com/wp-content/uploads/2025/10/form-group.webp" media="(min-width: 1025px)"><img decoding="async" src="https://www.leparcdelagreve.com/wp-content/uploads/2025/10/form-group-420x96.webp" width="420" height="210" loading="lazy" alt="" title=""></picture></figure></div><figure class="form"><picture><source srcset="https://www.leparcdelagreve.com/wp-content/uploads/2025/10/form-diapo-header-420x28.webp" media="(max-width: 210px)"><source srcset="https://www.leparcdelagreve.com/wp-content/uploads/2025/10/form-diapo-header-850x57.webp" media="(max-width: 420px)"><source srcset="https://www.leparcdelagreve.com/wp-content/uploads/2025/10/form-diapo-header-768x51.webp" media="(max-width: 850px)"><source srcset="https://www.leparcdelagreve.com/wp-content/uploads/2025/10/form-diapo-header-1024x68.webp" media="(max-width: 1024px)"><source srcset="https://www.leparcdelagreve.com/wp-content/uploads/2025/10/form-diapo-header.webp" media="(min-width: 1025px)"><img loading="lazy" decoding="async" src="https://www.leparcdelagreve.com/wp-content/uploads/2025/10/form-diapo-header-420x28.webp" width="420" height="210" alt="" title=""></picture></figure></div></div><p    >Bij <strong>Camping Ushuaïa Villages – Le Parc de la Grève</strong>, nabij Saint-Gilles-Croix-de-Vie, is <strong>duurzame ontwikkeling</strong> geen loos woord: het is dagelijkse praktijk.<br/>Als een door het <strong>Clef Verte-label</strong> erkende camping zetten wij ons in voor de natuur en willen wij u betrekken bij onze acties tijdens uw verblijf bij ons. </p><p    >Hier is een overzicht van ons milieubeleid en onze concrete initiatieven.</p><h2>Afvalscheiding: eenvoudig en efficiënt</h2><p    >Sinds 2017 beschikt de Vendée over een <strong>ultramodern sorteercentrum</strong>, dat 99,9% van onze verpakkingen kan verwerken.<br/>Uw actieve deelname helpt de hoeveelheid afval op stortplaatsen significant te verminderen. </p><p    ><strong>Hoe werkt het op de camping?</strong></p><ul><li>Bij uw aankomst krijgt u een “<strong>Tribag</strong>”, een handige tas voor afvalscheiding.
</li><li>Een mini-sorteercentrum bevindt zich bij de ingang van de parking:
<ul><li><strong>Groene container</strong>: glazen verpakkingen
</li><li><strong>Gele container:</strong> alle verpakkingen (plastic, yoghurtbekers, bakjes, kleine kartonnen doosjes)
</li><li><strong>Bruine container:</strong> voedselafval, rauw of gekookt, inclusief schelpdieren!
</li><li><strong>Houten rek</strong>: kartonnen dozen die te groot zijn voor de gele container (pizzadozen, enz.)
</li><li><strong>Zwarte containers</strong>: te storten afval (voedselresten, niet-recycleerbare voorwerpen)
</li></ul></li></ul><p    >U kunt ook <strong>batterijen, lampen en eetbare</strong> oliën bij de receptie inleveren.</p><p    ><strong>Ons doel</strong>: beter sorteren om een gezondere planeet voor onze kinderen achter te laten.<br/>Ons personeel staat klaar om u te adviseren. </p><h2>Milieuvriendelijk onderhoud en ecologische schoonmaak</h2><p    >Beheer van het park</p><ul><li>Wij gebruiken <strong>geen chemische gewasbeschermingsmiddelen.</strong>
</li><li>Onkruid wordt mechanisch of thermisch bestreden.
</li><li>Het maaien en snoeien van de beplanting gebeurt <strong>voornamelijk met elektrische apparaten</strong>, waardoor geluidsoverlast en vervuiling worden beperkt.
</li><li>Déchets verts broyés et utilisés comme paillage pour limiter l’arrosage et enrichir le sol.
</li></ul><p    >Sanitaire voorzieningen en gemeenschappelijke ruimtes</p><ul><li>Gebruik van <strong>Écocert</strong>-gecertificeerde producten voor een verminderde impact op de gezondheid.
</li><li><br/>Voorbeeld: groene klei voor het reinigen van de afwasbakken.
</li></ul><h2>Beheer van water en energie</h2><ul><li><strong>Water</strong>: kies voor een verantwoord gebruik op uw staanplaats.<br/>Beperkte bewatering en mulchen van planten om water te besparen. 
</li><li><strong>Zwembad</strong>: verwarmd met een warmtepomp, waardoor het energieverbruik wordt verminderd.
</li><li><strong>Elektriciteit</strong>: LED-lampen en lichtsensoren om energieverlies te minimaliseren.
</li><li>Boiler: geïsoleerd om warmteverlies te beperken.
</li></ul><h2>Duurzaam vervoer</h2><p    >Onze interne verplaatsingen gebeuren voor <strong>99% te voet,</strong> of met een <strong>elektrische hoverboard </strong>voor ons team.<br/>We moedigen gasten ook aan de fiets te gebruiken om naar het strand of het meer te gaan. </p><h2>Voor morgen</h2><p    >We denken voortdurend na over nieuwe acties om onze ecologische voetafdruk te verkleinen:</p><ul><li>Optimalisatie van de productie van warm water en elektriciteit
</li><li>Vermindering van composteerbaar afval
</li><li>Vermindering van de ecologische voetafdruk van auto’s op de camping
</li></ul><p    >Elk gebaar telt om onze planeet te beschermen en een gezonde omgeving voor toekomstige generaties te garanderen.</p>

<p>Afvalscheiding en duurzame ontwikkeling bij Camping Le Parc de la Grève Wacht niet langer! Bij Camping Ushuaïa Villages – Le Parc de la Grève, nabij Saint-Gilles-Croix-de-Vie, is duurzame ontwikkeling geen loos woord: het is dagelijkse praktijk.Als een door het Clef Verte-label erkende camping zetten wij ons in voor de natuur en willen wij u betrekken [&hellip;]</p>
