{"id":1155,"date":"2025-10-23T14:45:23","date_gmt":"2025-10-23T12:45:23","guid":{"rendered":"https:\/\/www.leparcdelagreve.com\/staanplaats\/"},"modified":"2026-01-30T16:15:57","modified_gmt":"2026-01-30T15:15:57","slug":"staanplaats","status":"publish","type":"page","link":"https:\/\/www.leparcdelagreve.com\/nl\/staanplaats\/","title":{"rendered":"staanplaats"},"content":{"rendered":"<div class=\"diaporama-header align-full\"><div class=\"gallery\"><figure class=\"gallery__item\"><picture><source srcset=\"https:\/\/www.leparcdelagreve.com\/wp-content\/uploads\/2025\/11\/EMPLACEMENT-NU-3-420x279.webp\" media=\"(max-width: 210px)\"><source srcset=\"https:\/\/www.leparcdelagreve.com\/wp-content\/uploads\/2025\/11\/EMPLACEMENT-NU-3-850x565.webp\" media=\"(max-width: 420px)\"><source srcset=\"https:\/\/www.leparcdelagreve.com\/wp-content\/uploads\/2025\/11\/EMPLACEMENT-NU-3-768x511.webp\" media=\"(max-width: 850px)\"><source srcset=\"https:\/\/www.leparcdelagreve.com\/wp-content\/uploads\/2025\/11\/EMPLACEMENT-NU-3-1024x681.webp\" media=\"(max-width: 1024px)\"><source srcset=\"https:\/\/www.leparcdelagreve.com\/wp-content\/uploads\/2025\/11\/EMPLACEMENT-NU-3.webp\" media=\"(min-width: 1025px)\"><img loading=\"lazy\" decoding=\"async\" src=\"https:\/\/www.leparcdelagreve.com\/wp-content\/uploads\/2025\/11\/EMPLACEMENT-NU-3-420x279.webp\" width=\"420\" height=\"210\" alt=\"\" title=\"\"><\/picture><\/figure><\/div><div class=\"diaporama-header__inner\"><h1 class=\"right\">Kampeerplaatsen voor campers bij <span class=\"fc-span\">Parc de la Gr\u00e8ve<\/span><\/h1><div class=\"group hide-mob\"><p class=\"center\" style=\"text-align: center;\"  >Wacht niet langer!<\/p><div class=\"buttons display-flex \" style=\"justify-content:center;\"><span class=\"buttons__btn btn-resa is-style-1\">Nu reserveren <span class=\"fc-icon\"><svg xmlns=\"http:\/\/www.w3.org\/2000\/svg\"  viewBox=\"0 0 448 512\" width=\"16px\" height=\"16px\"><!--! Font Awesome Pro 6.4.2 by @fontawesome - https:\/\/fontawesome.com License - https:\/\/fontawesome.com\/license (Commercial License) Copyright 2023 Fonticons, Inc.--><path d=\"M438.6 278.6c12.5-12.5 12.5-32.8 0-45.3l-160-160c-12.5-12.5-32.8-12.5-45.3 0s-12.5 32.8 0 45.3L338.8 224 32 224c-17.7 0-32 14.3-32 32s14.3 32 32 32l306.7 0L233.4 393.4c-12.5 12.5-12.5 32.8 0 45.3s32.8 12.5 45.3 0l160-160z\"\/><\/svg><\/span><\/span><\/div><figure class=\"bg\"><picture><source srcset=\"https:\/\/www.leparcdelagreve.com\/wp-content\/uploads\/2025\/10\/form-group-420x96.webp\" media=\"(max-width: 210px)\"><source srcset=\"https:\/\/www.leparcdelagreve.com\/wp-content\/uploads\/2025\/10\/form-group-850x194.webp\" media=\"(max-width: 420px)\"><source srcset=\"https:\/\/www.leparcdelagreve.com\/wp-content\/uploads\/2025\/10\/form-group-768x176.webp\" media=\"(max-width: 850px)\"><source srcset=\"https:\/\/www.leparcdelagreve.com\/wp-content\/uploads\/2025\/10\/form-group-1024x234.webp\" media=\"(max-width: 1024px)\"><source srcset=\"https:\/\/www.leparcdelagreve.com\/wp-content\/uploads\/2025\/10\/form-group.webp\" media=\"(min-width: 1025px)\"><img decoding=\"async\" src=\"https:\/\/www.leparcdelagreve.com\/wp-content\/uploads\/2025\/10\/form-group-420x96.webp\" width=\"420\" height=\"210\" loading=\"lazy\" alt=\"\" title=\"\"><\/picture><\/figure><\/div><figure class=\"form\"><picture><source srcset=\"https:\/\/www.leparcdelagreve.com\/wp-content\/uploads\/2025\/10\/form-diapo-header-420x28.webp\" media=\"(max-width: 210px)\"><source srcset=\"https:\/\/www.leparcdelagreve.com\/wp-content\/uploads\/2025\/10\/form-diapo-header-850x57.webp\" media=\"(max-width: 420px)\"><source srcset=\"https:\/\/www.leparcdelagreve.com\/wp-content\/uploads\/2025\/10\/form-diapo-header-768x51.webp\" media=\"(max-width: 850px)\"><source srcset=\"https:\/\/www.leparcdelagreve.com\/wp-content\/uploads\/2025\/10\/form-diapo-header-1024x68.webp\" media=\"(max-width: 1024px)\"><source srcset=\"https:\/\/www.leparcdelagreve.com\/wp-content\/uploads\/2025\/10\/form-diapo-header.webp\" media=\"(min-width: 1025px)\"><img loading=\"lazy\" decoding=\"async\" src=\"https:\/\/www.leparcdelagreve.com\/wp-content\/uploads\/2025\/10\/form-diapo-header-420x28.webp\" width=\"420\" height=\"210\" alt=\"\" title=\"\"><\/picture><\/figure><\/div><\/div><div class=\"columns reverse-mob has-bleu-bg-color has-bg align-full\" style=\"background-color:var(--bleu);\"><div class=\"columns__item\"><div class=\"gallery height-adapt\"><figure class=\"gallery__item\"><picture><source srcset=\"https:\/\/www.leparcdelagreve.com\/wp-content\/uploads\/2025\/11\/00001072329-420x315.webp\" media=\"(max-width: 210px)\"><source srcset=\"https:\/\/www.leparcdelagreve.com\/wp-content\/uploads\/2025\/11\/00001072329-850x638.webp\" media=\"(max-width: 420px)\"><source srcset=\"https:\/\/www.leparcdelagreve.com\/wp-content\/uploads\/2025\/11\/00001072329-768x576.webp\" media=\"(max-width: 850px)\"><source srcset=\"https:\/\/www.leparcdelagreve.com\/wp-content\/uploads\/2025\/11\/00001072329-1024x768.webp\" media=\"(max-width: 1024px)\"><source srcset=\"https:\/\/www.leparcdelagreve.com\/wp-content\/uploads\/2025\/11\/00001072329.webp\" media=\"(min-width: 1025px)\"><img decoding=\"async\" src=\"https:\/\/www.leparcdelagreve.com\/wp-content\/uploads\/2025\/11\/00001072329-420x315.webp\" width=\"420\" height=\"210\" loading=\"lazy\" alt=\"\" title=\"\"><\/picture><\/figure><\/div><\/div><div class=\"columns__item\" style=\"align-self:center;\"><h2>Staanplaatsen aangepast aan uw behoeften<\/h2><p    >Nieuw in 2026: geniet van staanplaatsen met <strong>priv\u00e9 sanitair <\/strong>in de Vend\u00e9e, inclusief douche, wastafel, toilet en een buitenwasbak voor de afwas \u2013 voor maximaal comfort en volledige privacy.<\/p><div class=\"lireplus fc-mob\"><p    >Lees meer<\/p><div class=\"group\"><p    >Onze ruime <strong>Grand Comfort-staanplaatsen<\/strong> van meer dan 120 m\u00b2 beschikken over wateraansluiting en elektriciteit (10 of 16 A). De <strong>Comfort-staanplaatsen<\/strong> van 80 tot 120 m\u00b2 zijn ideaal voor korte verblijven met tent, caravan of camper, en zijn eveneens voorzien van een elektrische aansluiting van 10 of 16 A.<\/p><p    >Voor persoonlijk advies bij het kiezen van uw ideale staanplaats kunt u contact opnemen met Virginie via <strong>+33 (0)2 51 22 86 23.<\/strong><\/p><\/div><\/div><\/div><\/div><div class=\"columns sec-15\"><div class=\"columns__item fade-right\" style=\"align-self:center;\"><h2>Gerenoveerd sanitairgebouw<\/h2><p    >Het gerenoveerde <strong>sanitairgebouw<\/strong> biedt extra comfort en optimale hygi\u00ebne. De cabines zijn voorzien van moderne kranen met dubbele doorstroming en mengkranen voor warm en koud water. De toiletten hebben een vereenvoudigd onderhoudssysteem met ge\u00efntegreerde desinfectiemiddelen en wandafvalbakken. De wasserette is vernieuwd met twee wasmachines en een droogkast.   <\/p><\/div><div class=\"columns__item fade-left\"><div class=\"gallery f-carousel fc-diapo-mob\" data-fancybox=\"gallery-mob\"><figure class=\"gallery__item\"><picture><source srcset=\"https:\/\/www.leparcdelagreve.com\/wp-content\/uploads\/2025\/11\/00000879459-420x315.webp\" media=\"(max-width: 210px)\"><source srcset=\"https:\/\/www.leparcdelagreve.com\/wp-content\/uploads\/2025\/11\/00000879459-850x638.webp\" media=\"(max-width: 420px)\"><source srcset=\"https:\/\/www.leparcdelagreve.com\/wp-content\/uploads\/2025\/11\/00000879459-768x576.webp\" media=\"(max-width: 850px)\"><source srcset=\"https:\/\/www.leparcdelagreve.com\/wp-content\/uploads\/2025\/11\/00000879459-1024x768.webp\" media=\"(max-width: 1024px)\"><source srcset=\"https:\/\/www.leparcdelagreve.com\/wp-content\/uploads\/2025\/11\/00000879459.webp\" media=\"(min-width: 1025px)\"><img decoding=\"async\" src=\"https:\/\/www.leparcdelagreve.com\/wp-content\/uploads\/2025\/11\/00000879459-420x315.webp\" width=\"420\" height=\"210\" loading=\"lazy\" alt=\"\" title=\"\"><\/picture><\/figure><figure class=\"gallery__item\"><picture><source srcset=\"https:\/\/www.leparcdelagreve.com\/wp-content\/uploads\/2025\/11\/00001304542-386x420.webp\" media=\"(max-width: 210px)\"><source srcset=\"https:\/\/www.leparcdelagreve.com\/wp-content\/uploads\/2025\/11\/00001304542-782x850.webp\" media=\"(max-width: 420px)\"><source srcset=\"https:\/\/www.leparcdelagreve.com\/wp-content\/uploads\/2025\/11\/00001304542-768x835.webp\" media=\"(max-width: 850px)\"><source srcset=\"https:\/\/www.leparcdelagreve.com\/wp-content\/uploads\/2025\/11\/00001304542-942x1024.webp\" media=\"(max-width: 1024px)\"><source srcset=\"https:\/\/www.leparcdelagreve.com\/wp-content\/uploads\/2025\/11\/00001304542.webp\" media=\"(min-width: 1025px)\"><img decoding=\"async\" src=\"https:\/\/www.leparcdelagreve.com\/wp-content\/uploads\/2025\/11\/00001304542-386x420.webp\" width=\"420\" height=\"210\" loading=\"lazy\" alt=\"\" title=\"\"><\/picture><\/figure><\/div><\/div><\/div><div class=\"columns reverse-mob\" style=\"align-items:center;\"><div class=\"columns__item fade-left\" style=\"align-self:center;\"><div class=\"gallery\"><figure class=\"gallery__item\"><picture><source srcset=\"https:\/\/www.leparcdelagreve.com\/wp-content\/uploads\/2025\/11\/00000879462-420x315.webp\" media=\"(max-width: 210px)\"><source srcset=\"https:\/\/www.leparcdelagreve.com\/wp-content\/uploads\/2025\/11\/00000879462-850x638.webp\" media=\"(max-width: 420px)\"><source srcset=\"https:\/\/www.leparcdelagreve.com\/wp-content\/uploads\/2025\/11\/00000879462-768x576.webp\" media=\"(max-width: 850px)\"><source srcset=\"https:\/\/www.leparcdelagreve.com\/wp-content\/uploads\/2025\/11\/00000879462-1024x768.webp\" media=\"(max-width: 1024px)\"><source srcset=\"https:\/\/www.leparcdelagreve.com\/wp-content\/uploads\/2025\/11\/00000879462.webp\" media=\"(min-width: 1025px)\"><img decoding=\"async\" src=\"https:\/\/www.leparcdelagreve.com\/wp-content\/uploads\/2025\/11\/00000879462-420x315.webp\" width=\"420\" height=\"210\" loading=\"lazy\" alt=\"\" title=\"\"><\/picture><\/figure><\/div><\/div><div class=\"columns__item fade-right\" style=\"align-self:center;\"><h2>Volledige flexibiliteit voor uw verblijf<\/h2><p    >Bij Parc de la Gr\u00e8ve bepaalt <strong>u zelf uw aankomst- en vertrekdag<\/strong> en past u de lengte van uw verblijf volledig aan uw wensen aan. U kunt zelfs uw verblijf verlengen voor een paar extra dagen. <\/p><div class=\"lireplus fc-mob\"><p    >Lees meer<\/p><div class=\"group\"><p    >Sinds 2023 kunt u bij Parc de la Gr\u00e8ve kiezen voor een <strong>vroege aankomst of een late vertrekoptie<\/strong>, op geselecteerde data, voor maximale flexibiliteit. Selecteer deze optie eenvoudig bij het maken van uw reservering. <\/p><\/div><\/div><\/div><\/div>","protected":false},"excerpt":{"rendered":"<p>Kampeerplaatsen voor campers bij Parc de la Gr\u00e8ve Wacht niet langer! Staanplaatsen aangepast aan uw behoeften Nieuw in 2026: geniet van staanplaatsen met priv\u00e9 sanitair in de Vend\u00e9e, inclusief douche, wastafel, toilet en een buitenwasbak voor de afwas \u2013 voor maximaal comfort en volledige privacy. Gerenoveerd sanitairgebouw Het gerenoveerde sanitairgebouw biedt extra comfort en optimale [&hellip;]<\/p>\n","protected":false},"author":1,"featured_media":0,"parent":0,"menu_order":0,"comment_status":"open","ping_status":"open","template":"","meta":{"_acf_changed":false,"footnotes":""},"acf":[],"_links":{"self":[{"href":"https:\/\/www.leparcdelagreve.com\/nl\/wp-json\/wp\/v2\/pages\/1155"}],"collection":[{"href":"https:\/\/www.leparcdelagreve.com\/nl\/wp-json\/wp\/v2\/pages"}],"about":[{"href":"https:\/\/www.leparcdelagreve.com\/nl\/wp-json\/wp\/v2\/types\/page"}],"author":[{"embeddable":true,"href":"https:\/\/www.leparcdelagreve.com\/nl\/wp-json\/wp\/v2\/users\/1"}],"replies":[{"embeddable":true,"href":"https:\/\/www.leparcdelagreve.com\/nl\/wp-json\/wp\/v2\/comments?post=1155"}],"version-history":[{"count":1,"href":"https:\/\/www.leparcdelagreve.com\/nl\/wp-json\/wp\/v2\/pages\/1155\/revisions"}],"predecessor-version":[{"id":1156,"href":"https:\/\/www.leparcdelagreve.com\/nl\/wp-json\/wp\/v2\/pages\/1155\/revisions\/1156"}],"wp:attachment":[{"href":"https:\/\/www.leparcdelagreve.com\/nl\/wp-json\/wp\/v2\/media?parent=1155"}],"curies":[{"name":"wp","href":"https:\/\/api.w.org\/{rel}","templated":true}]}}

<div class="diaporama-header align-full"><div class="gallery"><figure class="gallery__item"><picture><source srcset="https://www.leparcdelagreve.com/wp-content/uploads/2025/11/EMPLACEMENT-NU-3-420x279.webp" media="(max-width: 210px)"><source srcset="https://www.leparcdelagreve.com/wp-content/uploads/2025/11/EMPLACEMENT-NU-3-850x565.webp" media="(max-width: 420px)"><source srcset="https://www.leparcdelagreve.com/wp-content/uploads/2025/11/EMPLACEMENT-NU-3-768x511.webp" media="(max-width: 850px)"><source srcset="https://www.leparcdelagreve.com/wp-content/uploads/2025/11/EMPLACEMENT-NU-3-1024x681.webp" media="(max-width: 1024px)"><source srcset="https://www.leparcdelagreve.com/wp-content/uploads/2025/11/EMPLACEMENT-NU-3.webp" media="(min-width: 1025px)"><img loading="lazy" decoding="async" src="https://www.leparcdelagreve.com/wp-content/uploads/2025/11/EMPLACEMENT-NU-3-420x279.webp" width="420" height="210" alt="" title=""></picture></figure></div><div class="diaporama-header__inner"><h1 class="right">Kampeerplaatsen voor campers bij <span class="fc-span">Parc de la Grève</span></h1><div class="group hide-mob"><p class="center" style="text-align: center;"  >Wacht niet langer!</p><div class="buttons display-flex " style="justify-content:center;"><span class="buttons__btn btn-resa is-style-1">Nu reserveren <span class="fc-icon"><svg xmlns="http://www.w3.org/2000/svg"  viewBox="0 0 448 512" width="16px" height="16px"><!--! Font Awesome Pro 6.4.2 by @fontawesome - https://fontawesome.com License - https://fontawesome.com/license (Commercial License) Copyright 2023 Fonticons, Inc.--><path d="M438.6 278.6c12.5-12.5 12.5-32.8 0-45.3l-160-160c-12.5-12.5-32.8-12.5-45.3 0s-12.5 32.8 0 45.3L338.8 224 32 224c-17.7 0-32 14.3-32 32s14.3 32 32 32l306.7 0L233.4 393.4c-12.5 12.5-12.5 32.8 0 45.3s32.8 12.5 45.3 0l160-160z"/></svg></span></span></div><figure class="bg"><picture><source srcset="https://www.leparcdelagreve.com/wp-content/uploads/2025/10/form-group-420x96.webp" media="(max-width: 210px)"><source srcset="https://www.leparcdelagreve.com/wp-content/uploads/2025/10/form-group-850x194.webp" media="(max-width: 420px)"><source srcset="https://www.leparcdelagreve.com/wp-content/uploads/2025/10/form-group-768x176.webp" media="(max-width: 850px)"><source srcset="https://www.leparcdelagreve.com/wp-content/uploads/2025/10/form-group-1024x234.webp" media="(max-width: 1024px)"><source srcset="https://www.leparcdelagreve.com/wp-content/uploads/2025/10/form-group.webp" media="(min-width: 1025px)"><img decoding="async" src="https://www.leparcdelagreve.com/wp-content/uploads/2025/10/form-group-420x96.webp" width="420" height="210" loading="lazy" alt="" title=""></picture></figure></div><figure class="form"><picture><source srcset="https://www.leparcdelagreve.com/wp-content/uploads/2025/10/form-diapo-header-420x28.webp" media="(max-width: 210px)"><source srcset="https://www.leparcdelagreve.com/wp-content/uploads/2025/10/form-diapo-header-850x57.webp" media="(max-width: 420px)"><source srcset="https://www.leparcdelagreve.com/wp-content/uploads/2025/10/form-diapo-header-768x51.webp" media="(max-width: 850px)"><source srcset="https://www.leparcdelagreve.com/wp-content/uploads/2025/10/form-diapo-header-1024x68.webp" media="(max-width: 1024px)"><source srcset="https://www.leparcdelagreve.com/wp-content/uploads/2025/10/form-diapo-header.webp" media="(min-width: 1025px)"><img loading="lazy" decoding="async" src="https://www.leparcdelagreve.com/wp-content/uploads/2025/10/form-diapo-header-420x28.webp" width="420" height="210" alt="" title=""></picture></figure></div></div><div class="columns reverse-mob has-bleu-bg-color has-bg align-full" style="background-color:var(--bleu);"><div class="columns__item"><div class="gallery height-adapt"><figure class="gallery__item"><picture><source srcset="https://www.leparcdelagreve.com/wp-content/uploads/2025/11/00001072329-420x315.webp" media="(max-width: 210px)"><source srcset="https://www.leparcdelagreve.com/wp-content/uploads/2025/11/00001072329-850x638.webp" media="(max-width: 420px)"><source srcset="https://www.leparcdelagreve.com/wp-content/uploads/2025/11/00001072329-768x576.webp" media="(max-width: 850px)"><source srcset="https://www.leparcdelagreve.com/wp-content/uploads/2025/11/00001072329-1024x768.webp" media="(max-width: 1024px)"><source srcset="https://www.leparcdelagreve.com/wp-content/uploads/2025/11/00001072329.webp" media="(min-width: 1025px)"><img decoding="async" src="https://www.leparcdelagreve.com/wp-content/uploads/2025/11/00001072329-420x315.webp" width="420" height="210" loading="lazy" alt="" title=""></picture></figure></div></div><div class="columns__item" style="align-self:center;"><h2>Staanplaatsen aangepast aan uw behoeften</h2><p    >Nieuw in 2026: geniet van staanplaatsen met <strong>privé sanitair </strong>in de Vendée, inclusief douche, wastafel, toilet en een buitenwasbak voor de afwas – voor maximaal comfort en volledige privacy.</p><div class="lireplus fc-mob"><p    >Lees meer</p><div class="group"><p    >Onze ruime <strong>Grand Comfort-staanplaatsen</strong> van meer dan 120 m² beschikken over wateraansluiting en elektriciteit (10 of 16 A). De <strong>Comfort-staanplaatsen</strong> van 80 tot 120 m² zijn ideaal voor korte verblijven met tent, caravan of camper, en zijn eveneens voorzien van een elektrische aansluiting van 10 of 16 A.</p><p    >Voor persoonlijk advies bij het kiezen van uw ideale staanplaats kunt u contact opnemen met Virginie via <strong>+33 (0)2 51 22 86 23.</strong></p></div></div></div></div><div class="columns sec-15"><div class="columns__item fade-right" style="align-self:center;"><h2>Gerenoveerd sanitairgebouw</h2><p    >Het gerenoveerde <strong>sanitairgebouw</strong> biedt extra comfort en optimale hygiëne. De cabines zijn voorzien van moderne kranen met dubbele doorstroming en mengkranen voor warm en koud water. De toiletten hebben een vereenvoudigd onderhoudssysteem met geïntegreerde desinfectiemiddelen en wandafvalbakken. De wasserette is vernieuwd met twee wasmachines en een droogkast.   </p></div><div class="columns__item fade-left"><div class="gallery f-carousel fc-diapo-mob" data-fancybox="gallery-mob"><figure class="gallery__item"><picture><source srcset="https://www.leparcdelagreve.com/wp-content/uploads/2025/11/00000879459-420x315.webp" media="(max-width: 210px)"><source srcset="https://www.leparcdelagreve.com/wp-content/uploads/2025/11/00000879459-850x638.webp" media="(max-width: 420px)"><source srcset="https://www.leparcdelagreve.com/wp-content/uploads/2025/11/00000879459-768x576.webp" media="(max-width: 850px)"><source srcset="https://www.leparcdelagreve.com/wp-content/uploads/2025/11/00000879459-1024x768.webp" media="(max-width: 1024px)"><source srcset="https://www.leparcdelagreve.com/wp-content/uploads/2025/11/00000879459.webp" media="(min-width: 1025px)"><img decoding="async" src="https://www.leparcdelagreve.com/wp-content/uploads/2025/11/00000879459-420x315.webp" width="420" height="210" loading="lazy" alt="" title=""></picture></figure><figure class="gallery__item"><picture><source srcset="https://www.leparcdelagreve.com/wp-content/uploads/2025/11/00001304542-386x420.webp" media="(max-width: 210px)"><source srcset="https://www.leparcdelagreve.com/wp-content/uploads/2025/11/00001304542-782x850.webp" media="(max-width: 420px)"><source srcset="https://www.leparcdelagreve.com/wp-content/uploads/2025/11/00001304542-768x835.webp" media="(max-width: 850px)"><source srcset="https://www.leparcdelagreve.com/wp-content/uploads/2025/11/00001304542-942x1024.webp" media="(max-width: 1024px)"><source srcset="https://www.leparcdelagreve.com/wp-content/uploads/2025/11/00001304542.webp" media="(min-width: 1025px)"><img decoding="async" src="https://www.leparcdelagreve.com/wp-content/uploads/2025/11/00001304542-386x420.webp" width="420" height="210" loading="lazy" alt="" title=""></picture></figure></div></div></div><div class="columns reverse-mob" style="align-items:center;"><div class="columns__item fade-left" style="align-self:center;"><div class="gallery"><figure class="gallery__item"><picture><source srcset="https://www.leparcdelagreve.com/wp-content/uploads/2025/11/00000879462-420x315.webp" media="(max-width: 210px)"><source srcset="https://www.leparcdelagreve.com/wp-content/uploads/2025/11/00000879462-850x638.webp" media="(max-width: 420px)"><source srcset="https://www.leparcdelagreve.com/wp-content/uploads/2025/11/00000879462-768x576.webp" media="(max-width: 850px)"><source srcset="https://www.leparcdelagreve.com/wp-content/uploads/2025/11/00000879462-1024x768.webp" media="(max-width: 1024px)"><source srcset="https://www.leparcdelagreve.com/wp-content/uploads/2025/11/00000879462.webp" media="(min-width: 1025px)"><img decoding="async" src="https://www.leparcdelagreve.com/wp-content/uploads/2025/11/00000879462-420x315.webp" width="420" height="210" loading="lazy" alt="" title=""></picture></figure></div></div><div class="columns__item fade-right" style="align-self:center;"><h2>Volledige flexibiliteit voor uw verblijf</h2><p    >Bij Parc de la Grève bepaalt <strong>u zelf uw aankomst- en vertrekdag</strong> en past u de lengte van uw verblijf volledig aan uw wensen aan. U kunt zelfs uw verblijf verlengen voor een paar extra dagen. </p><div class="lireplus fc-mob"><p    >Lees meer</p><div class="group"><p    >Sinds 2023 kunt u bij Parc de la Grève kiezen voor een <strong>vroege aankomst of een late vertrekoptie</strong>, op geselecteerde data, voor maximale flexibiliteit. Selecteer deze optie eenvoudig bij het maken van uw reservering. </p></div></div></div></div>

<p>Kampeerplaatsen voor campers bij Parc de la Grève Wacht niet langer! Staanplaatsen aangepast aan uw behoeften Nieuw in 2026: geniet van staanplaatsen met privé sanitair in de Vendée, inclusief douche, wastafel, toilet en een buitenwasbak voor de afwas – voor maximaal comfort en volledige privacy. Gerenoveerd sanitairgebouw Het gerenoveerde sanitairgebouw biedt extra comfort en optimale [&hellip;]</p>
