{"id":1167,"date":"2025-10-23T14:45:23","date_gmt":"2025-10-23T12:45:23","guid":{"rendered":"https:\/\/www.leparcdelagreve.com\/vissen\/"},"modified":"2026-02-11T17:45:31","modified_gmt":"2026-02-11T16:45:31","slug":"vissen","status":"publish","type":"page","link":"https:\/\/www.leparcdelagreve.com\/nl\/vissen\/","title":{"rendered":"Vissen"},"content":{"rendered":"<div class=\"diaporama-header align-full\"><div class=\"gallery\"><figure class=\"gallery__item\"><picture><source srcset=\"https:\/\/www.leparcdelagreve.com\/wp-content\/uploads\/2025\/11\/photo-637833898248273522-2-420x208.jpg.webp\" media=\"(max-width: 210px)\"><source srcset=\"https:\/\/www.leparcdelagreve.com\/wp-content\/uploads\/2025\/11\/photo-637833898248273522-2-850x422.jpg.webp\" media=\"(max-width: 420px)\"><source srcset=\"https:\/\/www.leparcdelagreve.com\/wp-content\/uploads\/2025\/11\/photo-637833898248273522-2-768x381.jpg.webp\" media=\"(max-width: 850px)\"><source srcset=\"https:\/\/www.leparcdelagreve.com\/wp-content\/uploads\/2025\/11\/photo-637833898248273522-2-1024x508.jpg.webp\" media=\"(max-width: 1024px)\"><source srcset=\"https:\/\/www.leparcdelagreve.com\/wp-content\/uploads\/2025\/11\/photo-637833898248273522-2.jpg.webp\" media=\"(min-width: 1025px)\"><img loading=\"lazy\" decoding=\"async\" src=\"https:\/\/www.leparcdelagreve.com\/wp-content\/uploads\/2025\/11\/photo-637833898248273522-2-420x208.jpg.webp\" width=\"420\" height=\"210\" alt=\"\" title=\"\"><\/picture><\/figure><\/div><div class=\"diaporama-header__inner\"><h1 class=\"right\">Vissen en natuur rond <span class=\"fc-span\">Camping Le Parc de la Gr\u00e8ve<\/span><br\/><\/h1><div class=\"group hide-mob\"><p class=\"center\" style=\"text-align: center;\"  >Wacht niet langer!<\/p><div class=\"buttons display-flex \" style=\"justify-content:center;\"><span class=\"buttons__btn btn-resa is-style-1\">Nu reserveren <span class=\"fc-icon\"><svg xmlns=\"http:\/\/www.w3.org\/2000\/svg\"  viewBox=\"0 0 448 512\" width=\"16px\" height=\"16px\"><!--! Font Awesome Pro 6.4.2 by @fontawesome - https:\/\/fontawesome.com License - https:\/\/fontawesome.com\/license (Commercial License) Copyright 2023 Fonticons, Inc.--><path d=\"M438.6 278.6c12.5-12.5 12.5-32.8 0-45.3l-160-160c-12.5-12.5-32.8-12.5-45.3 0s-12.5 32.8 0 45.3L338.8 224 32 224c-17.7 0-32 14.3-32 32s14.3 32 32 32l306.7 0L233.4 393.4c-12.5 12.5-12.5 32.8 0 45.3s32.8 12.5 45.3 0l160-160z\"\/><\/svg><\/span><\/span><\/div><figure class=\"bg\"><picture><source srcset=\"https:\/\/www.leparcdelagreve.com\/wp-content\/uploads\/2025\/10\/form-group-420x96.webp\" media=\"(max-width: 210px)\"><source srcset=\"https:\/\/www.leparcdelagreve.com\/wp-content\/uploads\/2025\/10\/form-group-850x194.webp\" media=\"(max-width: 420px)\"><source srcset=\"https:\/\/www.leparcdelagreve.com\/wp-content\/uploads\/2025\/10\/form-group-768x176.webp\" media=\"(max-width: 850px)\"><source srcset=\"https:\/\/www.leparcdelagreve.com\/wp-content\/uploads\/2025\/10\/form-group-1024x234.webp\" media=\"(max-width: 1024px)\"><source srcset=\"https:\/\/www.leparcdelagreve.com\/wp-content\/uploads\/2025\/10\/form-group.webp\" media=\"(min-width: 1025px)\"><img decoding=\"async\" src=\"https:\/\/www.leparcdelagreve.com\/wp-content\/uploads\/2025\/10\/form-group-420x96.webp\" width=\"420\" height=\"210\" loading=\"lazy\" alt=\"\" title=\"\"><\/picture><\/figure><\/div><figure class=\"form\"><picture><source srcset=\"https:\/\/www.leparcdelagreve.com\/wp-content\/uploads\/2024\/12\/form-diapo-header.svg\" media=\"(max-width: 210px)\"><source srcset=\"https:\/\/www.leparcdelagreve.com\/wp-content\/uploads\/2024\/12\/form-diapo-header.svg\" media=\"(max-width: 420px)\"><source srcset=\"https:\/\/www.leparcdelagreve.com\/wp-content\/uploads\/2024\/12\/form-diapo-header.svg\" media=\"(max-width: 850px)\"><source srcset=\"https:\/\/www.leparcdelagreve.com\/wp-content\/uploads\/2024\/12\/form-diapo-header.svg\" media=\"(max-width: 1024px)\"><source srcset=\"https:\/\/www.leparcdelagreve.com\/wp-content\/uploads\/2024\/12\/form-diapo-header.svg\" media=\"(min-width: 1025px)\"><img loading=\"lazy\" decoding=\"async\" src=\"https:\/\/www.leparcdelagreve.com\/wp-content\/uploads\/2024\/12\/form-diapo-header.svg\" width=\"420\" height=\"210\" alt=\"\" title=\"\"><\/picture><\/figure><\/div><\/div><div class=\"columns has-blanc-bg-color has-bg align-full\" style=\"background-color:var(--blanc);\"><div class=\"columns__item\" style=\"align-self:flex-end;\"><h2>Vissen in het hart van de camping<\/h2><p    >Tijdens je verblijf op Camping Le Parc de la Gr\u00e8ve in L\u2019Aiguillon-sur-Vie, vlak bij Saint Gilles Croix de Vie en de Atlantische kust, geniet je van vissen op de camping zelf in onze rustige visvijver van 1.300 m\u00b2. Deze groene plek is ideaal voor een visvakantie in Frankrijk, een gezinscamping in de Vend\u00e9e of een ontspannen verblijf midden in de natuur. De vijver zit vol met karper en voorn, , waardoor zowel beginnende vissers als ervaren sportvissers hier volop plezier beleven. Dankzij het duurzame No-Kill vissen (catch &amp; release) blijft de natuurlijke balans behouden en kan iedereen blijven genieten van recreatief vissen tijdens zijn vakantie.<br\/>Of je nu komt voor camping met vismogelijkheden in Frankrijk, een natuurcamping vlak bij zee, of gewoon voor rust en ontspanning aan het water: jong en oud delen hier gezellige momenten aan de vijver, omringd door groen en natuur in het hart van de Vend\u00e9e.  <\/p><p class=\"wording bg-2\" style=\"text-align: right;\"  >Ontdekking &amp; <span class=\"fc-span\">natuurbehoud <\/span>rond Camping Le Parc de la Gr\u00e8ve<\/p><\/div><div class=\"columns__item\"><div class=\"gallery height-adapt f-carousel fc-diapo\" data-fancybox=\"gallery\"><figure class=\"gallery__item\"><picture><source srcset=\"https:\/\/www.leparcdelagreve.com\/wp-content\/uploads\/2025\/11\/photo-637833898120798654-2-420x208.webp\" media=\"(max-width: 210px)\"><source srcset=\"https:\/\/www.leparcdelagreve.com\/wp-content\/uploads\/2025\/11\/photo-637833898120798654-2-850x422.webp\" media=\"(max-width: 420px)\"><source srcset=\"https:\/\/www.leparcdelagreve.com\/wp-content\/uploads\/2025\/11\/photo-637833898120798654-2-768x381.webp\" media=\"(max-width: 850px)\"><source srcset=\"https:\/\/www.leparcdelagreve.com\/wp-content\/uploads\/2025\/11\/photo-637833898120798654-2-1024x508.webp\" media=\"(max-width: 1024px)\"><source srcset=\"https:\/\/www.leparcdelagreve.com\/wp-content\/uploads\/2025\/11\/photo-637833898120798654-2.webp\" media=\"(min-width: 1025px)\"><img decoding=\"async\" src=\"https:\/\/www.leparcdelagreve.com\/wp-content\/uploads\/2025\/11\/photo-637833898120798654-2-420x208.webp\" width=\"420\" height=\"210\" loading=\"lazy\" alt=\"\" title=\"\"><\/picture><\/figure><figure class=\"gallery__item\"><picture><source srcset=\"https:\/\/www.leparcdelagreve.com\/wp-content\/uploads\/2025\/11\/Le-Parc-de-la-Greve-ETANG-6-07.06.01-420x279.webp\" media=\"(max-width: 210px)\"><source srcset=\"https:\/\/www.leparcdelagreve.com\/wp-content\/uploads\/2025\/11\/Le-Parc-de-la-Greve-ETANG-6-07.06.01-850x565.webp\" media=\"(max-width: 420px)\"><source srcset=\"https:\/\/www.leparcdelagreve.com\/wp-content\/uploads\/2025\/11\/Le-Parc-de-la-Greve-ETANG-6-07.06.01-768x511.webp\" media=\"(max-width: 850px)\"><source srcset=\"https:\/\/www.leparcdelagreve.com\/wp-content\/uploads\/2025\/11\/Le-Parc-de-la-Greve-ETANG-6-07.06.01-1024x681.webp\" media=\"(max-width: 1024px)\"><source srcset=\"https:\/\/www.leparcdelagreve.com\/wp-content\/uploads\/2025\/11\/Le-Parc-de-la-Greve-ETANG-6-07.06.01.webp\" media=\"(min-width: 1025px)\"><img decoding=\"async\" src=\"https:\/\/www.leparcdelagreve.com\/wp-content\/uploads\/2025\/11\/Le-Parc-de-la-Greve-ETANG-6-07.06.01-420x279.webp\" width=\"420\" height=\"210\" loading=\"lazy\" alt=\"\" title=\"\"><\/picture><\/figure><\/div><\/div><\/div><div class=\"columns reverse-mob\" style=\"align-items:center;\"><div class=\"columns__item flex-28 fade-left\" style=\"align-self:center;\"><div class=\"gallery f-carousel fc-diapo\" data-fancybox=\"gallery\"><figure class=\"gallery__item\"><picture><source srcset=\"https:\/\/www.leparcdelagreve.com\/wp-content\/uploads\/2025\/11\/photo-637833898805819785-2-420x280.webp\" media=\"(max-width: 210px)\"><source srcset=\"https:\/\/www.leparcdelagreve.com\/wp-content\/uploads\/2025\/11\/photo-637833898805819785-2-850x567.webp\" media=\"(max-width: 420px)\"><source srcset=\"https:\/\/www.leparcdelagreve.com\/wp-content\/uploads\/2025\/11\/photo-637833898805819785-2-768x512.webp\" media=\"(max-width: 850px)\"><source srcset=\"https:\/\/www.leparcdelagreve.com\/wp-content\/uploads\/2025\/11\/photo-637833898805819785-2-1024x683.webp\" media=\"(max-width: 1024px)\"><source srcset=\"https:\/\/www.leparcdelagreve.com\/wp-content\/uploads\/2025\/11\/photo-637833898805819785-2.webp\" media=\"(min-width: 1025px)\"><img decoding=\"async\" src=\"https:\/\/www.leparcdelagreve.com\/wp-content\/uploads\/2025\/11\/photo-637833898805819785-2-420x280.webp\" width=\"420\" height=\"210\" loading=\"lazy\" alt=\"\" title=\"\"><\/picture><\/figure><figure class=\"gallery__item\"><picture><source srcset=\"https:\/\/www.leparcdelagreve.com\/wp-content\/uploads\/2025\/11\/Le-Parc-de-la-Greve-ETANG-7-07.06.01-420x279.webp\" media=\"(max-width: 210px)\"><source srcset=\"https:\/\/www.leparcdelagreve.com\/wp-content\/uploads\/2025\/11\/Le-Parc-de-la-Greve-ETANG-7-07.06.01-850x565.webp\" media=\"(max-width: 420px)\"><source srcset=\"https:\/\/www.leparcdelagreve.com\/wp-content\/uploads\/2025\/11\/Le-Parc-de-la-Greve-ETANG-7-07.06.01-768x511.webp\" media=\"(max-width: 850px)\"><source srcset=\"https:\/\/www.leparcdelagreve.com\/wp-content\/uploads\/2025\/11\/Le-Parc-de-la-Greve-ETANG-7-07.06.01-1024x681.webp\" media=\"(max-width: 1024px)\"><source srcset=\"https:\/\/www.leparcdelagreve.com\/wp-content\/uploads\/2025\/11\/Le-Parc-de-la-Greve-ETANG-7-07.06.01.webp\" media=\"(min-width: 1025px)\"><img decoding=\"async\" src=\"https:\/\/www.leparcdelagreve.com\/wp-content\/uploads\/2025\/11\/Le-Parc-de-la-Greve-ETANG-7-07.06.01-420x279.webp\" width=\"420\" height=\"210\" loading=\"lazy\" alt=\"\" title=\"\"><\/picture><\/figure><\/div><\/div><div class=\"columns__item fade-right\" style=\"align-self:center;\"><h2>Meren en vijvers in de omgeving van Camping Le Parc de la Gr\u00e8ve<\/h2><p    >Om de viservaring te verlengen, zijn er meerdere visvijvers en meren in de buurt van Camping Le Parc de la Gr\u00e8ve, op slechts enkele kilometers afstand. De vijver van Moulin Neuf, gelegen op ongeveer 2 km van de camping, is ideaal voor beginnende vissers en gezinnen die rustig willen vissen in de natuur. De gemeentelijke vijvers van Givrand bieden dan weer een uitstekende omgeving voor witvis en roofvis, in een groene en toegankelijke setting. Voor liefhebbers van grotere wateren en meer uitdaging zijn het Lac du Jaunay en het Lac du Gu\u00e9-Gorand echte aanraders. Hier kun je genieten van roofvissen in de Vend\u00e9e, en op bepaalde zones is ook nachtvissen toegestaan, midden in beschermde en ongerepte natuur. Perfect voor een complete visvakantie in Frankrijk, dicht bij zee \u00e9n natuur.  <\/p><div class=\"lireplus fc-desk\"><p    >Lees meer<\/p><div class=\"group\"><p    >De rivieren de Jaunay en de Gu\u00e9-Gorand, op slechts enkele kilometers van Camping Le Parc de la Gr\u00e8ve, bieden gevarieerde visparcours langs prachtige en rustige natuurgebieden in de Vend\u00e9e. Of je nu houdt van witvissen of gericht bent op roofvissen, deze waterlopen staan garant voor ontspanning, ontdekking en mooie vangsten. Terwijl je vist, geniet je volop van de ongerepte natuur en de stilte van het Vend\u00e9ense moeraslandschap, een ideale omgeving voor een rustgevende visvakantie in Frankrijk, dicht bij zee \u00e9n natuur. <\/p><\/div><\/div><\/div><\/div><div class=\"columns mini\" style=\"align-items:center;\"><div class=\"columns__item fade-right\" style=\"align-self:center;\"><h3>Vissen te voet en zeevissen<\/h3><p    >Voor zee- en kustliefhebbers is strandvissen een plezierige en gemakkelijk toegankelijke activiteit voor het hele gezin. <\/p><div class=\"lireplus fc-mob\"><p    >Lees meer<\/p><div class=\"group\"><p    ><\/p><p    >Het strand van La Sauzaie of de Passage du Gois op Noirmoutier bieden mooie mogelijkheden om schelpdieren en schaaldieren te verzamelen, afhankelijk van de getijden en de lokale regelgeving.<br\/>Lijnvissen kan vanaf de steiger en rond Saint-Gilles-Croix-de-Vie, terwijl zeevisexcursies ook mogelijk zijn via contacten en georganiseerde trips die worden aangeboden bij de receptie van de camping. <\/p><\/div><\/div><\/div><div class=\"columns__item flex-05 fade-left\" style=\"align-self:center;\"><p class=\"wording bg-2\"   >Ontspanning en <span class=\"fc-span\">rustige momenten<\/span> aan het water op Camping Le Parc de la Gr\u00e8ve<\/p><\/div><\/div>","protected":false},"excerpt":{"rendered":"<p>Vissen en natuur rond Camping Le Parc de la Gr\u00e8ve Wacht niet langer! Vissen in het hart van de camping Tijdens je verblijf op Camping Le Parc de la Gr\u00e8ve in L\u2019Aiguillon-sur-Vie, vlak bij Saint Gilles Croix de Vie en de Atlantische kust, geniet je van vissen op de camping zelf in onze rustige visvijver [&hellip;]<\/p>\n","protected":false},"author":1,"featured_media":0,"parent":0,"menu_order":0,"comment_status":"open","ping_status":"open","template":"","meta":{"_acf_changed":false,"footnotes":""},"acf":[],"_links":{"self":[{"href":"https:\/\/www.leparcdelagreve.com\/nl\/wp-json\/wp\/v2\/pages\/1167"}],"collection":[{"href":"https:\/\/www.leparcdelagreve.com\/nl\/wp-json\/wp\/v2\/pages"}],"about":[{"href":"https:\/\/www.leparcdelagreve.com\/nl\/wp-json\/wp\/v2\/types\/page"}],"author":[{"embeddable":true,"href":"https:\/\/www.leparcdelagreve.com\/nl\/wp-json\/wp\/v2\/users\/1"}],"replies":[{"embeddable":true,"href":"https:\/\/www.leparcdelagreve.com\/nl\/wp-json\/wp\/v2\/comments?post=1167"}],"version-history":[{"count":1,"href":"https:\/\/www.leparcdelagreve.com\/nl\/wp-json\/wp\/v2\/pages\/1167\/revisions"}],"predecessor-version":[{"id":1168,"href":"https:\/\/www.leparcdelagreve.com\/nl\/wp-json\/wp\/v2\/pages\/1167\/revisions\/1168"}],"wp:attachment":[{"href":"https:\/\/www.leparcdelagreve.com\/nl\/wp-json\/wp\/v2\/media?parent=1167"}],"curies":[{"name":"wp","href":"https:\/\/api.w.org\/{rel}","templated":true}]}}

<div class="diaporama-header align-full"><div class="gallery"><figure class="gallery__item"><picture><source srcset="https://www.leparcdelagreve.com/wp-content/uploads/2025/11/photo-637833898248273522-2-420x208.jpg.webp" media="(max-width: 210px)"><source srcset="https://www.leparcdelagreve.com/wp-content/uploads/2025/11/photo-637833898248273522-2-850x422.jpg.webp" media="(max-width: 420px)"><source srcset="https://www.leparcdelagreve.com/wp-content/uploads/2025/11/photo-637833898248273522-2-768x381.jpg.webp" media="(max-width: 850px)"><source srcset="https://www.leparcdelagreve.com/wp-content/uploads/2025/11/photo-637833898248273522-2-1024x508.jpg.webp" media="(max-width: 1024px)"><source srcset="https://www.leparcdelagreve.com/wp-content/uploads/2025/11/photo-637833898248273522-2.jpg.webp" media="(min-width: 1025px)"><img loading="lazy" decoding="async" src="https://www.leparcdelagreve.com/wp-content/uploads/2025/11/photo-637833898248273522-2-420x208.jpg.webp" width="420" height="210" alt="" title=""></picture></figure></div><div class="diaporama-header__inner"><h1 class="right">Vissen en natuur rond <span class="fc-span">Camping Le Parc de la Grève</span><br/></h1><div class="group hide-mob"><p class="center" style="text-align: center;"  >Wacht niet langer!</p><div class="buttons display-flex " style="justify-content:center;"><span class="buttons__btn btn-resa is-style-1">Nu reserveren <span class="fc-icon"><svg xmlns="http://www.w3.org/2000/svg"  viewBox="0 0 448 512" width="16px" height="16px"><!--! Font Awesome Pro 6.4.2 by @fontawesome - https://fontawesome.com License - https://fontawesome.com/license (Commercial License) Copyright 2023 Fonticons, Inc.--><path d="M438.6 278.6c12.5-12.5 12.5-32.8 0-45.3l-160-160c-12.5-12.5-32.8-12.5-45.3 0s-12.5 32.8 0 45.3L338.8 224 32 224c-17.7 0-32 14.3-32 32s14.3 32 32 32l306.7 0L233.4 393.4c-12.5 12.5-12.5 32.8 0 45.3s32.8 12.5 45.3 0l160-160z"/></svg></span></span></div><figure class="bg"><picture><source srcset="https://www.leparcdelagreve.com/wp-content/uploads/2025/10/form-group-420x96.webp" media="(max-width: 210px)"><source srcset="https://www.leparcdelagreve.com/wp-content/uploads/2025/10/form-group-850x194.webp" media="(max-width: 420px)"><source srcset="https://www.leparcdelagreve.com/wp-content/uploads/2025/10/form-group-768x176.webp" media="(max-width: 850px)"><source srcset="https://www.leparcdelagreve.com/wp-content/uploads/2025/10/form-group-1024x234.webp" media="(max-width: 1024px)"><source srcset="https://www.leparcdelagreve.com/wp-content/uploads/2025/10/form-group.webp" media="(min-width: 1025px)"><img decoding="async" src="https://www.leparcdelagreve.com/wp-content/uploads/2025/10/form-group-420x96.webp" width="420" height="210" loading="lazy" alt="" title=""></picture></figure></div><figure class="form"><picture><source srcset="https://www.leparcdelagreve.com/wp-content/uploads/2024/12/form-diapo-header.svg" media="(max-width: 210px)"><source srcset="https://www.leparcdelagreve.com/wp-content/uploads/2024/12/form-diapo-header.svg" media="(max-width: 420px)"><source srcset="https://www.leparcdelagreve.com/wp-content/uploads/2024/12/form-diapo-header.svg" media="(max-width: 850px)"><source srcset="https://www.leparcdelagreve.com/wp-content/uploads/2024/12/form-diapo-header.svg" media="(max-width: 1024px)"><source srcset="https://www.leparcdelagreve.com/wp-content/uploads/2024/12/form-diapo-header.svg" media="(min-width: 1025px)"><img loading="lazy" decoding="async" src="https://www.leparcdelagreve.com/wp-content/uploads/2024/12/form-diapo-header.svg" width="420" height="210" alt="" title=""></picture></figure></div></div><div class="columns has-blanc-bg-color has-bg align-full" style="background-color:var(--blanc);"><div class="columns__item" style="align-self:flex-end;"><h2>Vissen in het hart van de camping</h2><p    >Tijdens je verblijf op Camping Le Parc de la Grève in L’Aiguillon-sur-Vie, vlak bij Saint Gilles Croix de Vie en de Atlantische kust, geniet je van vissen op de camping zelf in onze rustige visvijver van 1.300 m². Deze groene plek is ideaal voor een visvakantie in Frankrijk, een gezinscamping in de Vendée of een ontspannen verblijf midden in de natuur. De vijver zit vol met karper en voorn, , waardoor zowel beginnende vissers als ervaren sportvissers hier volop plezier beleven. Dankzij het duurzame No-Kill vissen (catch &amp; release) blijft de natuurlijke balans behouden en kan iedereen blijven genieten van recreatief vissen tijdens zijn vakantie.<br/>Of je nu komt voor camping met vismogelijkheden in Frankrijk, een natuurcamping vlak bij zee, of gewoon voor rust en ontspanning aan het water: jong en oud delen hier gezellige momenten aan de vijver, omringd door groen en natuur in het hart van de Vendée.  </p><p class="wording bg-2" style="text-align: right;"  >Ontdekking &amp; <span class="fc-span">natuurbehoud </span>rond Camping Le Parc de la Grève</p></div><div class="columns__item"><div class="gallery height-adapt f-carousel fc-diapo" data-fancybox="gallery"><figure class="gallery__item"><picture><source srcset="https://www.leparcdelagreve.com/wp-content/uploads/2025/11/photo-637833898120798654-2-420x208.webp" media="(max-width: 210px)"><source srcset="https://www.leparcdelagreve.com/wp-content/uploads/2025/11/photo-637833898120798654-2-850x422.webp" media="(max-width: 420px)"><source srcset="https://www.leparcdelagreve.com/wp-content/uploads/2025/11/photo-637833898120798654-2-768x381.webp" media="(max-width: 850px)"><source srcset="https://www.leparcdelagreve.com/wp-content/uploads/2025/11/photo-637833898120798654-2-1024x508.webp" media="(max-width: 1024px)"><source srcset="https://www.leparcdelagreve.com/wp-content/uploads/2025/11/photo-637833898120798654-2.webp" media="(min-width: 1025px)"><img decoding="async" src="https://www.leparcdelagreve.com/wp-content/uploads/2025/11/photo-637833898120798654-2-420x208.webp" width="420" height="210" loading="lazy" alt="" title=""></picture></figure><figure class="gallery__item"><picture><source srcset="https://www.leparcdelagreve.com/wp-content/uploads/2025/11/Le-Parc-de-la-Greve-ETANG-6-07.06.01-420x279.webp" media="(max-width: 210px)"><source srcset="https://www.leparcdelagreve.com/wp-content/uploads/2025/11/Le-Parc-de-la-Greve-ETANG-6-07.06.01-850x565.webp" media="(max-width: 420px)"><source srcset="https://www.leparcdelagreve.com/wp-content/uploads/2025/11/Le-Parc-de-la-Greve-ETANG-6-07.06.01-768x511.webp" media="(max-width: 850px)"><source srcset="https://www.leparcdelagreve.com/wp-content/uploads/2025/11/Le-Parc-de-la-Greve-ETANG-6-07.06.01-1024x681.webp" media="(max-width: 1024px)"><source srcset="https://www.leparcdelagreve.com/wp-content/uploads/2025/11/Le-Parc-de-la-Greve-ETANG-6-07.06.01.webp" media="(min-width: 1025px)"><img decoding="async" src="https://www.leparcdelagreve.com/wp-content/uploads/2025/11/Le-Parc-de-la-Greve-ETANG-6-07.06.01-420x279.webp" width="420" height="210" loading="lazy" alt="" title=""></picture></figure></div></div></div><div class="columns reverse-mob" style="align-items:center;"><div class="columns__item flex-28 fade-left" style="align-self:center;"><div class="gallery f-carousel fc-diapo" data-fancybox="gallery"><figure class="gallery__item"><picture><source srcset="https://www.leparcdelagreve.com/wp-content/uploads/2025/11/photo-637833898805819785-2-420x280.webp" media="(max-width: 210px)"><source srcset="https://www.leparcdelagreve.com/wp-content/uploads/2025/11/photo-637833898805819785-2-850x567.webp" media="(max-width: 420px)"><source srcset="https://www.leparcdelagreve.com/wp-content/uploads/2025/11/photo-637833898805819785-2-768x512.webp" media="(max-width: 850px)"><source srcset="https://www.leparcdelagreve.com/wp-content/uploads/2025/11/photo-637833898805819785-2-1024x683.webp" media="(max-width: 1024px)"><source srcset="https://www.leparcdelagreve.com/wp-content/uploads/2025/11/photo-637833898805819785-2.webp" media="(min-width: 1025px)"><img decoding="async" src="https://www.leparcdelagreve.com/wp-content/uploads/2025/11/photo-637833898805819785-2-420x280.webp" width="420" height="210" loading="lazy" alt="" title=""></picture></figure><figure class="gallery__item"><picture><source srcset="https://www.leparcdelagreve.com/wp-content/uploads/2025/11/Le-Parc-de-la-Greve-ETANG-7-07.06.01-420x279.webp" media="(max-width: 210px)"><source srcset="https://www.leparcdelagreve.com/wp-content/uploads/2025/11/Le-Parc-de-la-Greve-ETANG-7-07.06.01-850x565.webp" media="(max-width: 420px)"><source srcset="https://www.leparcdelagreve.com/wp-content/uploads/2025/11/Le-Parc-de-la-Greve-ETANG-7-07.06.01-768x511.webp" media="(max-width: 850px)"><source srcset="https://www.leparcdelagreve.com/wp-content/uploads/2025/11/Le-Parc-de-la-Greve-ETANG-7-07.06.01-1024x681.webp" media="(max-width: 1024px)"><source srcset="https://www.leparcdelagreve.com/wp-content/uploads/2025/11/Le-Parc-de-la-Greve-ETANG-7-07.06.01.webp" media="(min-width: 1025px)"><img decoding="async" src="https://www.leparcdelagreve.com/wp-content/uploads/2025/11/Le-Parc-de-la-Greve-ETANG-7-07.06.01-420x279.webp" width="420" height="210" loading="lazy" alt="" title=""></picture></figure></div></div><div class="columns__item fade-right" style="align-self:center;"><h2>Meren en vijvers in de omgeving van Camping Le Parc de la Grève</h2><p    >Om de viservaring te verlengen, zijn er meerdere visvijvers en meren in de buurt van Camping Le Parc de la Grève, op slechts enkele kilometers afstand. De vijver van Moulin Neuf, gelegen op ongeveer 2 km van de camping, is ideaal voor beginnende vissers en gezinnen die rustig willen vissen in de natuur. De gemeentelijke vijvers van Givrand bieden dan weer een uitstekende omgeving voor witvis en roofvis, in een groene en toegankelijke setting. Voor liefhebbers van grotere wateren en meer uitdaging zijn het Lac du Jaunay en het Lac du Gué-Gorand echte aanraders. Hier kun je genieten van roofvissen in de Vendée, en op bepaalde zones is ook nachtvissen toegestaan, midden in beschermde en ongerepte natuur. Perfect voor een complete visvakantie in Frankrijk, dicht bij zee én natuur.  </p><div class="lireplus fc-desk"><p    >Lees meer</p><div class="group"><p    >De rivieren de Jaunay en de Gué-Gorand, op slechts enkele kilometers van Camping Le Parc de la Grève, bieden gevarieerde visparcours langs prachtige en rustige natuurgebieden in de Vendée. Of je nu houdt van witvissen of gericht bent op roofvissen, deze waterlopen staan garant voor ontspanning, ontdekking en mooie vangsten. Terwijl je vist, geniet je volop van de ongerepte natuur en de stilte van het Vendéense moeraslandschap, een ideale omgeving voor een rustgevende visvakantie in Frankrijk, dicht bij zee én natuur. </p></div></div></div></div><div class="columns mini" style="align-items:center;"><div class="columns__item fade-right" style="align-self:center;"><h3>Vissen te voet en zeevissen</h3><p    >Voor zee- en kustliefhebbers is strandvissen een plezierige en gemakkelijk toegankelijke activiteit voor het hele gezin. </p><div class="lireplus fc-mob"><p    >Lees meer</p><div class="group"><p    ></p><p    >Het strand van La Sauzaie of de Passage du Gois op Noirmoutier bieden mooie mogelijkheden om schelpdieren en schaaldieren te verzamelen, afhankelijk van de getijden en de lokale regelgeving.<br/>Lijnvissen kan vanaf de steiger en rond Saint-Gilles-Croix-de-Vie, terwijl zeevisexcursies ook mogelijk zijn via contacten en georganiseerde trips die worden aangeboden bij de receptie van de camping. </p></div></div></div><div class="columns__item flex-05 fade-left" style="align-self:center;"><p class="wording bg-2"   >Ontspanning en <span class="fc-span">rustige momenten</span> aan het water op Camping Le Parc de la Grève</p></div></div>

<p>Vissen en natuur rond Camping Le Parc de la Grève Wacht niet langer! Vissen in het hart van de camping Tijdens je verblijf op Camping Le Parc de la Grève in L’Aiguillon-sur-Vie, vlak bij Saint Gilles Croix de Vie en de Atlantische kust, geniet je van vissen op de camping zelf in onze rustige visvijver [&hellip;]</p>
